 is -667976 (base 16) in base 7?
-111040331
What is -2425052 (base 7) in base 9?
-520872
f8fef (base 16) to base 3
1220211000121
-ac1267 (base 16) to base 5
-10341330103
4141226 (base 7) to base 3
221021101202
-6311007 (base 8) to base 16
-199207
Convert -4632939 (base 10) to base 2.
-10001101011000101101011
What is 11222111000020 (base 3) in base 15?
374470
Convert -2376022 (base 9) to base 4.
-10323001232
44818 (base 10) to base 3
2021110221
-101011000110101110 (base 2) to base 14
-484b4
Convert 234655 (base 8) to base 15.
18bd6
Convert -4e1c15 (base 15) to base 4.
-32110012121
Convert -11114040 (base 5) to base 3.
-11222110101
-8608801 (base 9) to base 2
-10001100110000011001111
What is -1010110000101100001 (base 2) in base 4?
-1112011201
Convert -10533411 (base 6) to base 12.
-137267
What is 89670 (base 10) in base 11?
61409
What is -84325 (base 10) in base 8?
-244545
What is 10111110011100000100 (base 2) in base 9?
1418006
What is -202542 (base 10) in base 5?
-22440132
1716656 (base 10) to base 13
481496
Convert 6a1251 (base 16) to base 7.
113041531
What is -100033 (base 13) in base 2?
-1011010101010000111
Convert -3a94865 (base 12) to base 9.
-23812445
What is 13021221020 (base 4) in base 13?
508298
Convert -330a (base 15) to base 4.
-2220322
What is 28a51a (base 12) in base 13?
1ab2ca
Convert 565145 (base 7) to base 3.
12002111112
Convert -180c1 (base 15) to base 10.
-77806
11011101102100 (base 3) to base 2
1000011100000011111100
Convert 13022226 (base 8) to base 13.
7a3a08
Convert -1137943 (base 11) to base 10.
-1986988
120200022122 (base 3) to base 8
1132570
Convert -3c717 (base 14) to base 3.
-21121011121
Convert -3adcb5 (base 16) to base 15.
-512ec9
What is -7393a (base 11) in base 6?
-2150112
-b16a7 (base 16) to base 11
-456a82
What is 74b849 (base 12) in base 16?
1c26f9
2312143 (base 5) to base 2
1010001001001100
What is -a4501 (base 13) in base 7?
-2336525
Convert 318b3 (base 13) to base 5.
10330003
56c0b (base 14) to base 3
101201022101
-142330334 (base 5) to base 10
-745719
Convert -40a50a (base 15) to base 10.
-3072385
Convert -30341135 (base 6) to base 4.
-3110003303
What is 101101111000010101100 (base 2) in base 4?
11233002230
Convert 83eddb (base 15) to base 10.
6277256
-985451 (base 13) to base 2
-1101101010011110011100
-1542118 (base 10) to base 16
-1787e6
Convert -10525767 (base 8) to base 13.
-617333
What is -52014110 (base 6) in base 11?
-9313a8
877018 (base 10) to base 12
36364a
Convert 20010210212210 (base 3) to base 4.
30130302132
1001220220102012 (base 3) to base 15
1539378
-36814 (base 14) to base 16
-208b2
Convert -59d2a (base 14) to base 9.
-363815
-ba37 (base 12) to base 16
-500b
121220121300 (base 4) to base 11
387a172
What is 20202002 (base 7) in base 10?
1681388
Convert 2101110001111 (base 3) to base 7.
13532152
Convert -13231313100 (base 4) to base 5.
-1004212424
What is -313231213 (base 4) in base 13?
-7cb3a
Convert -9331812 (base 10) to base 5.
-4342104222
What is 17a31b (base 12) in base 10?
411719
What is 1679b (base 12) in base 14?
ba63
-101101011000010001011000 (base 2) to base 14
-181934c
What is 544536 (base 7) in base 2?
10111010000110011
Convert -100000000110100000110 (base 2) to base 9.
-1872848
-1001230132020 (base 4) to base 7
-266244330
4663002 (base 12) to base 4
303300021002
Convert -100011011100100101101 (base 2) to base 11.
-723735
What is -10311200211 (base 4) in base 15?
-1a0969
Convert -11a050 (base 16) to base 3.
-2011200120102
1d01c4 (base 15) to base 5
330333114
3401321 (base 6) to base 12
83241
Convert -15064833 (base 9) to base 10.
-7483134
-3925703 (base 11) to base 12
-233b881
What is 20002222221 (base 3) in base 14?
31b99
-1000011020011 (base 3) to base 14
-dcb23
Convert -42421041 (base 5) to base 7.
-3016462
Convert -453021 (base 6) to base 15.
-b4ea
-30605 (base 10) to base 7
-155141
What is -1045a (base 14) in base 9?
-58784
Convert e481c (base 15) to base 4.
2300301231
3022102232 (base 5) to base 13
133ab90
aa681 (base 12) to base 16
37141
What is 5670635 (base 8) in base 9?
2801505
What is -2b137b (base 12) in base 10?
-728015
What is 33b9a (base 13) in base 10?
94260
Convert -aaa59 (base 16) to base 15.
-dc17e
204621 (base 7) to base 12
18513
2172140 (base 9) to base 14
22626d
Convert 67227757 (base 8) to base 2.
110111010010111111101111
Convert -393076 (base 15) to base 11.
-1604663
12061143 (base 8) to base 5
1134143002
Convert 8303a (base 12) to base 7.
1311613
65271b (base 12) to base 6
54152435
Convert -8c970a (base 14) to base 8.
-22212636
What is -27132506 (base 8) in base 10?
-6075718
Convert -cb338 (base 15) to base 14.
-12b289
Convert 1596308 (base 10) to base 16.
185b94
12101022201021 (base 3) to base 5
1213013022
4613059 (base 11) to base 12
2852a40
d3924c (base 14) to base 5
3311211431
Convert -2b273 (base 13) to base 2.
-10011111100111001
Convert -264210 (base 10) to base 7.
-2150202
12231300 (base 4) to base 15
8239
-4344112 (base 6) to base 9
-358318
Convert 10201112001 (base 3) to base 5.
4321104
What is -1c0773 (base 14) in base 16?
-f4361
Convert 12151231 (base 9) to base 11.
339685a
-571929 (base 11) to base 16
-de371
What is -5783733 (base 9) in base 14?
-5b520c
What is -b75c8 (base 16) in base 8?
-2672710
-1778801 (base 14) to base 4
-230030302301
Convert -21bc1c (base 14) to base 2.
-100010111111100000010
What is -51330124 (base 6) in base 7?
-15345136
Convert -722130 (base 11) to base 2.
-100011011000100011111
What is ed1d2 (base 16) in base 6?
32452214
Convert 9c7277 (base 13) to base 12.
12a5388
11939 (base 12) to base 14
8965
What is 4a110 (base 13) in base 2?
100001010011001100
What is 102110012113 (base 4) in base 13?
cc12a6
What is -234310101 (base 5) in base 13?
-2c139c
Convert -12251ba (base 13) to base 16.
-5606c0
Convert be069 (base 15) to base 5.
123313344
-456647 (base 11) to base 13
-1c56b5
-1743 (base 9) to base 4
-110313
What is 13021320 (base 4) in base 15?
8a39
What is 25534 (base 12) in base 4?
30122320
Convert 28727 (base 15) to base 11.
89627
What is -2201000000 (base 3) in base 9?
-81000
What is -3131231223 (base 4) in base 7?
-10501431
9a162 (base 13) to base 9
465067
What is 112541 (base 16) in base 13?
3045a7
Convert -2022011021200 (base 3) to base 10.
-1223469
Convert 12012505 (base 6) to base 11.
236956
What is 2b4a4 (base 15) in base 16?
220a5
What is 50121124 (base 6) in base 13?
3a4c0b
Convert -65250456 (base 7) to base 16.
-5512bf
13400 (base 16) to base 4
103100000
What is -130031024 (base 5) in base 9?
-1155082
-49168 (base 14) to base 13
-63412
What is -142054013 (base 6) in base 14?
-556c09
34631045 (base 7) to base 9
5657285
bcb8b (base 16) to base 4
2330232023
What is -4113204 (base 5) in base 16?
-10477
59e9d8 (base 15) to base 2
10000011010010010011010
503242 (base 10) to base 8
1726712
-481668 (base 13) to base 2
-110100011001011011101
Convert 30311320 (base 4) to base 2.
1100110101111000
Convert 560714 (base 12) to base 10.
1369600
Convert -1000110001101110111111 (base 2) to base 13.
-627376
What is 120101001011200 (base 3) in base 14?
1129216
-145406 (base 8) to base 13
-1a870
-142300121 (base 5) to base 11
-4688aa
What is -2003231 (base 6) in base 3?
-11210000101
2220001121010 (base 3) to base 6
52533050
Convert 15943654 (base 10) to base 7.
252342646
Convert 1223544 (base 6) to base 2.
10000000001111000
100010001000100111011010 (base 2) to base 6
515442442
-4317 (base 9) to base 4
-301213
Convert -21120102 (base 3) to base 7.
-22043
What is 11011001001110010011 (base 2) in base 5?
211432442
Convert 11133232 (base 4) to base 16.
57ee
What is 201200222020 (base 3) in base 15?
79d8c
1001111101000000110 (base 2) to base 15
66985
223022 (base 10) to base 7
1616132
What is -488505 (base 11) in base 12?
-313126
-102212022122 (base 3) to base 7
-1661540
Convert -110011111001100101 (base 2) to base 9.
-353541
Convert 74085 (base 11) to base 8.
322600
What is 11010011101000001 (base 2) in base 12?
52855
What is 2202203120 (base 4) in base 8?
2424330
-b71c55 (base 14) to base 5
-3041041042
Convert 42022234 (base 5) to base 14.
8dbb9
-20100112201 (base 3) to base 12
-60454
Convert 131061 (base 12) to base 7.
2442034
2030212303 (base 4) to base 13
1721aa
What is 1306011 (base 8) in base 13?
c960a
Convert 905003 (ba